 Let o = r - -6. What is the greatest common factor of o and 18?
2
Suppose 287 - 55 = 5*v + 4*k, -4*v = 5*k - 191. Suppose 3*f - 7*f + 2 = 2*z, 2*z + f - 17 = 0. What is the highest common divisor of v and z?
11
Suppose -y + 24 = -4*g, y + y + 3*g = 4. Let w(c) = 24*c - 8. Let b be w(y). Calculate the greatest common factor of 23 and b.
23
Let b(t) = 12*t - 11. Let c be b(5). Let v = c - -8. Calculate the greatest common divisor of v and 38.
19
Suppose 0 = -3*w - 5*z + 178, -w - z + 5*z + 31 = 0. Let o = 15 + 19. What is the highest common factor of w and o?
17
Let z = 37 + 2. Let n = -14 + z. Calculate the highest common factor of n and 100.
25
Let l be (-2 - -2 - 16)*-4. Suppose -6*y + 2*y = -l. Suppose 3*v - 5*h - 202 = 0, -2*h - 78 - 54 = -2*v. What is the highest common divisor of v and y?
16
Suppose z = 6 + 32. Let d(y) = 28*y + 1. Suppose -2*i - 3*i = -10. Let n be d(i). Calculate the greatest common divisor of n and z.
19
Let a(i) = i**3 + 4*i**2 - i + 2. Let s be a(-3). Let n = -10 + s. Let x(m) = 4*m + 8. Let q be x(3). Calculate the highest common factor of q and n.
4
Let o = 24 + -23. Calculate the greatest common factor of o and 11.
1
Let v = 8 - -4. Suppose 4*s - 16 = -i - i, 4*s + v = 5*i. Suppose s*r + 4*j = 70, 0 = 4*r + j + j - 110. What is the greatest common divisor of r and 10?
5
Let t(v) = v**2 + 4*v - 15. Let j be t(-10). What is the highest common divisor of j and 315?
45
Suppose -9 = 2*i - 57. Suppose 5*h - 3*h = 5*j + 52, -5*h = 3*j - 68. Calculate the greatest common factor of i and h.
8
Suppose 0 = -5*f + 28 - 8. Let g(r) = -4*r - 4. Let i(s) = -1. Let t(v) = -5*g(v) + 20*i(v). Let o be t(f). What is the greatest common divisor of 10 and o?
10
Let r = 17 + -10. Calculate the greatest common divisor of 14 and r.
7
Suppose -3*d + 1840 = d. Suppose -d = 4*c - 8*c. What is the highest common factor of c and 46?
23
Let t be ((-20)/12)/(2/(-6)). Suppose 3*x - 4 = x. Calculate the greatest common factor of x and t.
1
Let u(o) = -2*o**2 - 3*o - 1. Let n be u(4). Let b = 67 + n. Let c(k) = k**2 - 5*k - 4. Let j be c(6). What is the highest common factor of b and j?
2
Let p be (12/9)/(4/12). Calculate the highest common divisor of p and 44.
4
Let h(d) = d**3 + 9*d**2 - d + 1. Let n be h(-9). Calculate the greatest common divisor of n and 30.
10
Let f(b) = -15*b + 7. Let k be f(6). Let o = -43 - k. What is the highest common divisor of 5 and o?
5
Suppose 4 + 6 = 5*c, 0 = 4*w - 2*c - 16. What is the highest common factor of 10 and w?
5
Let l(n) = -n**3 - 6*n**2 + 5*n - 10. Let r be l(-7). Suppose -104 = -3*m - 4*a, -m = 3*a - 22 - 16. Calculate the highest common factor of m and r.
4
Let h(k) = -k**3 + 11*k**2 + k + 9. Suppose -5*l + 2*m + 39 = -22, 3*l + m = 30. Let t be h(l). Calculate the greatest common factor of t and 4.
4
Let l be -1*3*(5 - 120/9). What is the greatest common factor of l and 225?
25
Let f = 11 - 8. Suppose 0 = -y - 4*y - w + 5, f*y - 16 = 2*w. Let a = 11 - -3. Calculate the greatest common factor of y and a.
2
Suppose 3*l - 24 = -3*r, l = 5*r - 0*l - 64. What is the greatest common factor of r and 36?
12
Suppose 0 = -2*j + 6 + 2. Suppose -3*s + 18 = 3*d, -30 = -s - j*s + 4*d. Calculate the highest common divisor of 6 and s.
6
Let i = 15 - 0. What is the highest common divisor of 45 and i?
15
Suppose 0 = -5*y + 3*r + 265 + 118, -2*y = -3*r - 155. Suppose -s + 6*s - 4*g = 103, 4*s = 5*g + 86. Calculate the highest common divisor of y and s.
19
Suppose -4*d + 8 = -16. Suppose 0 = -2*u + d*u. Suppose 0 = h - u - 2. Calculate the greatest common factor of 1 and h.
1
Suppose -5*k = 3 + 22. Let i(n) = -n**3 - 6*n**2 - 6*n - 1. Let d be i(k). Let t be (-2)/8 - (-66)/8. What is the highest common factor of d and t?
4
Suppose -3*s + 37 = 5*f - 53, 2*f - 131 = -5*s. Calculate the greatest common factor of s and 175.
25
Let o(y) = -y**2 + 10*y - 5. Let l be o(8). Let w be 4/10 + 3/5. Let v = l + w. Calculate the highest common divisor of 30 and v.
6
Suppose 3*o - 3*c - 270 = 2*o, 4*c - 849 = -3*o. Calculate the greatest common divisor of 31 and o.
31
Suppose -d + 2*d = 0. Suppose d = -0*u - 2*u + 16. Calculate the greatest common factor of 16 and u.
8
Let r = -21 + 25. Suppose r*m - 4*y + y - 144 = 0, -4*y + 94 = 2*m. Calculate the highest common factor of 13 and m.
13
Let i(y) = y**2 - 7*y + 8. Let x be i(7). Suppose 0 = -4*g + 6*g - x. Calculate the highest common divisor of 32 and g.
4
Let k be 3*(-12)/8*-2. What is the greatest common factor of 18 and k?
9
Suppose 6*m - 3*m + 3*z = 21, 17 = 2*m + 3*z. Let t(s) = -4 - 11*s + 6 + 2*s. Let v be t(-2). What is the highest common factor of m and v?
4
Suppose 4*c = 7*c - 21. Calculate the highest common factor of c and 63.
7
Let n(w) = -w - 2. Let i be n(-2). Let j be 108/4 - (i + 2). What is the greatest common divisor of j and 25?
25
Let s = 69 + -43. Let f = -7 + s. What is the greatest common factor of f and 38?
19
Let v(o) = o + 18. Let w be v(-16). What is the highest common factor of w and 14?
2
Suppose 54 = -3*x + 2*j - 25, -5*x + 5*j - 135 = 0. Let o = x - -71. What is the highest common factor of 69 and o?
23
Let d be 4/6 + (-147)/(-9). Let n = 35 - d. Calculate the greatest common factor of n and 90.
18
Let z(q) be the second derivative of -q**3/6 + 5*q**2/2 + 2*q. Let r be z(0). Suppose -r*c + 8 = -2. What is the highest common factor of 18 and c?
2
Let z = 4 - 18. Let y = z - -21. What is the highest common factor of y and 35?
7
Suppose -p = -3*i - 0*i + 625, -2*i - 5*p = -445. Calculate the highest common divisor of 30 and i.
30
Suppose -3*h + 18 = -h. Let b = -18 - -21. What is the highest common factor of b and h?
3
Let u(m) = -m**3 - 4*m**2 + 14*m + 8. Let y be u(-7). Calculate the greatest common divisor of y and 38.
19
Let d = 5 - 3. Suppose 4*g = g. Let h = g + d. Calculate the greatest common factor of h and 1.
1
Let t = -49 - -64. Let w(v) = 3*v**2 - v. Let p be w(-3). What is the greatest common divisor of t and p?
15
Suppose 3*w - 2 = 7. Suppose -5*g - w*t + 615 = -30, 0 = -g + 2*t + 142. Suppose 0 = f + 33 - g. What is the greatest common divisor of f and 11?
11
Let l(k) = 2*k**2 - 15*k - 5. Let g be l(8). Suppose 0 = -4*a + g*a + 12. Calculate the highest common factor of a and 132.
12
Let t be -1 + 69 - (2 + 3 + -2). Let w(y) = y - 1. Let b be w(-4). Let g be (-26)/b*(-2 + 7). Calculate the greatest common divisor of g and t.
13
Suppose 16*y = 17*y - 71. Let i be (-2 + 31 + 0)*1. Suppose -2*b = 3*h + 3*b - y, 0 = h - b - i. What is the highest common factor of 3 and h?
3
Suppose -43 = -d - i, -105 - 83 = -4*d + 4*i. Calculate the greatest common divisor of d and 9.
9
Let v = -5 + 15. Suppose 4*a - c - v = 2*c, -20 = -3*a - 4*c. Suppose -n = a*n - 50. Calculate the highest common divisor of 60 and n.
10
Let j = -74 + 236. Let g = -45 + j. What is the highest common factor of g and 13?
13
Suppose 4*c + 97 = k, -4*k - k + 117 = -4*c. Suppose -4*d = 16 - 84. Let y = d - c. Calculate the greatest common divisor of 5 and y.
5
Let b(a) = -a**3 + 10*a**2 + 2*a - 4. Let o be b(10). Calculate the greatest common divisor of o and 24.
8
Suppose -2*c + 28 = -3*b - 0*c, -4*c = -2*b - 8. Let m = 22 + b. Calculate the highest common factor of 5 and m.
5
Let g(t) = t + 12. Let w be g(-8). Suppose -w*a + 62 = 2*l, -a = 3*l - 17 - 11. Calculate the highest common factor of a and 52.
13
Suppose 4*x - 383 - 629 = 0. What is the highest common divisor of 23 and x?
23
Suppose 110 = 3*c + 5*f, -6*f + 102 = 3*c - 3*f. What is the greatest common divisor of c and 30?
30
Suppose -1316 + 502 = -2*t. Calculate the greatest common factor of 37 and t.
37
Let t(r) = 38*r**2 + 2*r. Let a be t(-2). Suppose -4*y - a = -2*k, -2*k + 155 = 2*y + 25. What is the greatest common factor of k and 102?
34
Suppose 0*j = 4*j + 32. Let x be (j/10)/(3/(-15)). What is the greatest common divisor of x and 4?
4
Let m(z) = z**3 + 6*z**2 - 2*z. Suppose 2*y - 4*y = 12. Let v be m(y). Calculate the highest common factor of v and 8.
4
Suppose 6*n - 68 = 2*n. Let m = 266 - 436. Let u = 323 + m. What is the greatest common divisor of n and u?
17
Let j be -168*(1 - 9/6). What is the greatest common factor of j and 12?
12
Let g be 652/(-28) - 4/(-14). Let c = g - -38. Let i(a) = -a**3 - 3*a**2 +